3) to base 7.
20
What is 15 (base 8) in base 12?
11
Convert -25 (base 6) to base 4.
-101
Convert -2 (base 14) to base 6.
-2
2 (base 16) to base 4
2
What is d6 (base 14) in base 5?
1223
Convert -a1 (base 12) to base 7.
-232
What is -3 (base 16) in base 15?
-3
Convert 7 (base 12) to base 7.
10
-2a (base 15) to base 11
-37
10020 (base 3) to base 8
127
Convert 0 (base 10) to base 7.
0
2 (base 11) to base 12
2
What is -3 (base 16) in base 8?
-3
What is -1034 (base 6) in base 12?
-17a
What is 2 (base 6) in base 2?
10
Convert -11 (base 2) to base 16.
-3
17 (base 13) to base 11
19
Convert -1 (base 4) to base 15.
-1
-3 (base 11) to base 14
-3
What is 2 (base 5) in base 4?
2
What is -1 (base 6) in base 16?
-1
What is -30 (base 14) in base 5?
-132
Convert -16 (base 16) to base 7.
-31
What is -132 (base 5) in base 16?
-2a
Convert -515 (base 6) to base 11.
-164
-d4 (base 15) to base 11
-171
What is 2 (base 10) in base 5?
2
Convert -10210 (base 3) to base 10.
-102
Convert 201 (base 4) to base 2.
100001
Convert 10011011 (base 2) to base 10.
155
What is 5 (base 7) in base 16?
5
Convert 4 (base 8) to base 10.
4
-6 (base 13) to base 10
-6
-10 (base 9) to base 5
-14
What is 5a (base 13) in base 6?
203
Convert 3 (base 7) to base 12.
3
-11111 (base 2) to base 7
-43
What is -226 (base 7) in base 8?
-166
What is 1c (base 16) in base 6?
44
Convert 30 (base 6) to base 12.
16
What is -10 (base 5) in base 8?
-5
Convert 2 (base 12) to base 4.
2
What is 31 (base 4) in base 3?
111
What is -8 (base 16) in base 11?
-8
-4 (base 7) to base 13
-4
What is 2 (base 12) in base 7?
2
5 (base 12) to base 8
5
What is 33 (base 6) in base 8?
25
23 (base 8) to base 15
14
Convert -15 (base 11) to base 8.
-20
Convert 5 (base 8) to base 3.
12
What is -10 (base 4) in base 2?
-100
Convert -36 (base 12) to base 2.
-101010
Convert -133 (base 4) to base 16.
-1f
Convert 0 (base 2) to base 4.
0
1 (base 14) to base 5
1
11110 (base 3) to base 5
440
Convert -7 (base 9) to base 8.
-7
-3 (base 16) to base 4
-3
0 (base 8) to base 16
0
What is -1 (base 2) in base 12?
-1
2 (base 13) to base 16
2
-3 (base 6) to base 11
-3
Convert 0 (base 10) to base 3.
0
What is 101 (base 8) in base 2?
1000001
Convert -31 (base 13) to base 14.
-2c
0 (base 15) to base 12
0
Convert 0 (base 8) to base 16.
0
-17 (base 14) to base 16
-15
0 (base 15) to base 4
0
1 (base 3) to base 2
1
What is -10 (base 8) in base 10?
-8
-222 (base 4) to base 14
-30
Convert -5 (base 7) to base 15.
-5
Convert -240 (base 6) to base 12.
-80
Convert -3 (base 14) to base 12.
-3
What is -2 (base 6) in base 2?
-10
-5 (base 16) to base 5
-10
-11 (base 3) to base 15
-4
What is 5 (base 14) in base 8?
5
Convert 11100110 (base 2) to base 4.
3212
273 (base 10) to base 5
2043
4 (base 10) to base 9
4
4 (base 11) to base 15
4
1 (base 16) to base 2
1
Convert 100221 (base 3) to base 5.
2033
-5 (base 6) to base 15
-5
Convert -5 (base 6) to base 13.
-5
Convert -1202 (base 4) to base 3.
-10122
Convert 1 (base 12) to base 15.
1
15 (base 7) to base 15
c
-26 (base 8) to base 4
-112
What is 2 (base 14) in base 4?
2
Convert 11000 (base 2) to base 9.
26
Convert 0 (base 13) to base 8.
0
Convert -2 (base 14) to base 9.
-2
What is 1d (base 16) in base 7?
41
What is -1102 (base 3) in base 8?
-46
Convert -12 (base 15) to base 3.
-122
Convert 0 (base 15) to base 16.
0
Convert -6 (base 7) to base 6.
-10
-240 (base 7) to base 15
-86
Convert -16 (base 14) to base 9.
-22
-3 (base 8) to base 4
-3
Convert 1202 (base 3) to base 7.
65
What is 31 (base 16) in base 12?
41
What is -11 (base 16) in base 14?
-13
Convert 92 (base 13) to base 12.
9b
What is -55 (base 8) in base 5?
-140
0 (base 9) to base 5
0
Convert 4 (base 7) to base 5.
4
31 (base 6) to base 3
201
What is -2 (base 14) in base 6?
-2
Convert -72 (base 14) to base 9.
-121
What is 3 (base 16) in base 13?
3
What is -1 (base 12) in base 11?
-1
18b (base 13) to base 15
13e
Convert 101210 (base 3) to base 5.
2131
-221 (base 3) to base 8
-31
-11 (base 2) to base 16
-3
What is -2 (base 10) in base 12?
-2
What is -4 (base 12) in base 5?
-4
Convert -222 (base 3) to base 14.
-1c
Convert 2 (base 6) to base 9.
2
Convert 1101010 (base 2) to base 4.
1222
What is -2011 (base 4) in base 14?
-97
What is 1101 (base 4) in base 11?
74
Convert 36 (base 14) to base 15.
33
What is 3 (base 5) in base 3?
10
-1011 (base 5) to base 10
-131
-2 (base 13) to base 15
-2
177 (base 9) to base 13
b8
Convert 7 (base 9) to base 8.
7
14 (base 15) to base 14
15
Convert 22 (base 7) to base 11.
15
What is 3 (base 7) in base 5?
3
-4 (base 15) to base 2
-100
What is 10 (base 2) in base 11?
2
44 (base 15) to base 10
64
2 (base 3) to base 13
2
Convert 140 (base 8) to base 12.
80
Convert -105 (base 6) to base 10.
-41
-1 (base 2) to base 5
-1
What is 4 (base 12) in base 11?
4
-34 (base 10) to base 2
-100010
What is 1 (base 15) in base 3?
1
0 (base 12) to base 6
0
What is 6 (base 9) in base 15?
6
What is -3 (base 4) in base 16?
-3
1 (base 16) to base 8
1
14 (base 9) to base 2
1101
What is 11 (base 5) in base 9?
6
Convert 2 (base 3) to base 6.
2
What is 15 (base 11) in base 13?
13
What is 14 (base 8) in base 10?
12
18 (base 10) to base 16
12
What is 113 (base 5) in base 2?
100001
Convert 11 (base 11) to base 7.
15
Convert 13 (base 12) to base 14.
11
What is -38 (base 16) in base 11?
-51
Convert 521 (base 7) to base 6.
1112
10 (base 9) to base 11
9
What is -56 (base 10) in base 7?
-110
What is 65 (base 10) in base 4?
1001
69 (base 10) to base 8
105
What is -8b (base 15) in base 16?
-83
What is 26 (base 12) in base 10?
30
73 (base 15) to base 5
413
2 (base 13) to base 5
2
What is -11 (base 16) in base 4?
-101
What is 33 (base 9) in base 4?
132
Convert -3 (base 10) to base 15.
-3
What is -200 (base 3) in base 14?
-14
Convert 2c (base 16) to base 6.
112
What is -1 (base 10) in base 3?
-1
-110011 (base 2) to base 11
-47
7 (base 14) to base 2
111
Convert 513 (base 6) to base 7.
360
Convert 0 (base 9) to base 12.
0
Convert -10 (base 4) to base 8.
-4
Convert 91 (base 14) to base 6.
331
Convert 144 (base 7) to base 11.
74
What is -2 (base 8) in base 15?
-2
-5 (base 13) to base 9
-5
Convert -17 (base 8) to base 3.
-120
Convert -5 (base 9) to base 8.
-5
Convert 0 (base 8) to base 16.
0
What is -a (base 12) in base 9?
-11
Convert -111 (base 11) to base 15.
-8d
What is 4 (base 15) in base 3?
11
-1 (base 6) to base 15
-1
-146 (base 9) to base 15
-83
-49 (base 14) to base 9
-72
3 (base 9) to base 11
3
Convert 434 (base 5) to base 13.
92
Convert -11 (base 5) to base 4.
-12
What is -1 (base 9) in base 12?
-1
Convert 27 (base 16) to base 4.
213
What is 10 (base 3) in base 16?
3
Convert 32 (base 9) to base 12.
25
32 (base 9) to base 12
25
Convert -10012 (base 3) to base 13.
-68
0 (base 10) to base 13
0
Convert 0 (base 6) to base 11.
0
What is 303 (base 6) in base 10?
111
What is 1 (base 3) in base 14?
1
Convert -11001 (base 2) to base 3.
-221
33 (base 14) to base 10
45
What is 10 (base 6) in base 12?
6
What is 2 (base 16) in base 4?
2
What is 2 (base 13) in base 2?
10
5 (base 16) to base 14
5
Convert -20 (base 14) to base 12.
-24
Convert -5 (base 10) to base 7.
-5
What is -b5 (base 16) in base 11?
-155
-652 (base 7) to base 8
-513
Convert -12 (base 3) to base 11.
-5
185 (base 9) to base 6
422
Convert -12 (base 5) to base 3.
-21
What is 90 (base 12) in base 7?
213
What is -17 (base 15) in base 9?
-24
What is -c (base 13) in base 5?
-22
Convert -11120 (base 3) to base 16.
-7b
Convert 0 (base 11) to base 6.
0
What is -2 (base 8) in base 16?
-2
Convert 46 (base 9) to base 16.
2a
Convert 203 (base 9) to base 3.
20010
Convert 11 (base 4) to base 13.
5
-95 (base 13) to base 7
-233
-5 (base 10) to base 15
-5
Convert -1 (base 2) to base 10.
-1
2 (base 9) to base 10
2
What is d7 (base 16) in base 3?
21222
What is -35 (base 7) in base 12?
-22
What is 2 (base 16) in base 11?
2
What is -12 (base 5) in base 11?
-7
Convert 23 (base 6) to base 2.
1111
What is -16 (base 8) in base 5?
-24
Convert 148 (base 9) to base 10.
125
Convert 23 (base 13) to base 8.
35
Convert -23 (base 5) to base 15.
-d
-1100 (base 2) to base 11
-11
Convert 2010 (base 3) to base 8.
71
0 (base 5) to base 15
0
What is -1 (base 4) in base 9?
-1
What is -b (base 13) in base 10?
-11
What is -505 (base 6) in base 4?
-2321
-15 (base 10) to